23602
What is bb6 (base 16) in base 5?
43443
What is 20213123 (base 4) in base 2?
1000100111011011
Convert 11101100100 (base 2) to base 8.
3544
What is 770 (base 13) in base 7?
3500
1547 (base 11) to base 12
1197
What is 42a3 (base 13) in base 15?
2b24
What is -142202 (base 5) in base 14?
-2235
What is 16123 (base 12) in base 13?
1130a
Convert 19b (base 12) to base 4.
10013
-121 (base 9) to base 4
-1210
210100 (base 7) to base 8
106340
What is -3034243 (base 5) in base 16?
-c0ab
1751 (base 8) to base 11
830
Convert -315543 (base 6) to base 7.
-135354
-22013 (base 4) to base 10
-647
-1568 (base 13) to base 9
-4255
Convert 1342 (base 5) to base 16.
de
-14ca (base 16) to base 9
-7263
Convert -10400 (base 5) to base 4.
-23111
Convert -7e (base 15) to base 3.
-11102
Convert -299 (base 15) to base 10.
-594
-1124203 (base 5) to base 6
-235053
Convert 123100 (base 4) to base 3.
2101121
-19561 (base 10) to base 13
-8b99
What is -1295 (base 11) in base 7?
-4614
Convert 3cc (base 14) to base 9.
1043
Convert -1310210 (base 4) to base 11.
-5672
What is 1dc2 (base 14) in base 11?
4116
What is 11100001 (base 2) in base 11?
195
1211110 (base 3) to base 5
20320
What is -8714 (base 11) in base 9?
-16708
523 (base 13) to base 2
1101101010
What is -110100100110 (base 2) in base 8?
-6446
Convert add3 (base 16) to base 14.
12307
What is 201100022 (base 3) in base 10?
14102
Convert -1b4d (base 15) to base 4.
-1130203
What is -212110020 (base 3) in base 10?
-17097
-15c (base 15) to base 11
-264
544 (base 14) to base 9
1375
What is -11233 (base 5) in base 16?
-332
Convert 606 (base 9) to base 12.
350
Convert 10422 (base 6) to base 14.
75c
110431 (base 5) to base 14
15a2
-15433 (base 6) to base 5
-40131
6a (base 12) to base 13
64
Convert -5027 (base 14) to base 2.
-11010110111011
What is -1132311 (base 5) in base 2?
-101000111011100
What is 86 (base 16) in base 2?
10000110
What is -361 (base 15) in base 2?
-1011111110
-42210 (base 6) to base 13
-2790
What is 448 (base 14) in base 12?
5a8
What is 17343 (base 9) in base 12?
6ab6
Convert -cb (base 14) to base 11.
-153
212022 (base 3) to base 6
2525
Convert -833 (base 10) to base 6.
-3505
What is 2653 (base 7) in base 16?
3fa
22032 (base 4) to base 8
1216
-32012 (base 6) to base 13
-1c7c
9426 (base 10) to base 7
36324
Convert -22100 (base 3) to base 14.
-121
What is -479 (base 14) in base 16?
-37b
Convert -10752 (base 8) to base 3.
-20021212
What is -1625 (base 7) in base 16?
-290
2 (base 5) to base 16
2
Convert aa26 (base 11) to base 7.
60262
What is 57b (base 13) in base 12?
66b
-5e (base 15) to base 2
-1011001
Convert -101233 (base 5) to base 12.
-1b06
-5155 (base 8) to base 11
-2007
Convert -2674 (base 9) to base 16.
-7db
1167 (base 13) to base 16
993
-532032 (base 6) to base 15
-cc15
What is 17235 (base 11) in base 14?
8b94
Convert -11221 (base 4) to base 3.
-111101
Convert -3f7 (base 16) to base 2.
-1111110111
317 (base 10) to base 2
100111101
What is cc7 (base 14) in base 12?
1567
Convert -1452 (base 6) to base 5.
-3032
Convert 2072 (base 10) to base 16.
818
Convert 1204 (base 10) to base 16.
4b4
Convert -5233 (base 10) to base 4.
-1101301
What is -422 (base 11) in base 5?
-4013
428 (base 11) to base 2
1000000010
What is 233 (base 4) in base 13?
38
Convert -56b (base 12) to base 2.
-1100100011
What is -11101100 (base 2) in base 15?
-10b
What is 824 (base 13) in base 5?
21012
Convert -4277 (base 11) to base 7.
-22321
What is 224 (base 14) in base 8?
650
Convert 234403 (base 7) to base 14.
1163a
-144021 (base 6) to base 11
-a43a
What is 65a (base 13) in base 11?
900
What is -483 (base 9) in base 16?
-18f
Convert b1d9 (base 15) to base 12.
19896
What is -456c (base 16) in base 14?
-6696
Convert 5ded (base 15) to base 3.
1000110121
Convert -11202102 (base 4) to base 16.
-5892
4521 (base 9) to base 11
2567
Convert 58c7 (base 13) to base 11.
9434
Convert 12211 (base 4) to base 14.
221
What is 1e53 (base 16) in base 10?
7763
10133 (base 4) to base 2
100011111
Convert 1000000 (base 2) to base 16.
40
Convert -10001100110101 (base 2) to base 14.
-33db
265 (base 8) to base 14
cd
72 (base 8) to base 6
134
Convert -11221 (base 4) to base 6.
-1401
What is 4a6 (base 16) in base 9?
1562
What is 33501 (base 7) in base 3?
102122000
-78a5 (base 15) to base 13
-b849
-21210 (base 3) to base 14
-110
What is -1113103 (base 4) in base 9?
-7587
What is 4770 (base 10) in base 13?
222c
What is -30853 (base 10) in base 15?
-921d
570b (base 15) to base 12
a825
What is 10757 (base 8) in base 2?
1000111101111
What is -101011000 (base 2) in base 15?
-17e
What is -122001 (base 3) in base 11?
-389
2134 (base 9) to base 10
1570
Convert -11122110 (base 3) to base 15.
-100c
Convert -4d6 (base 14) to base 2.
-1111001100
Convert -2005 (base 6) to base 14.
-233
Convert 132210 (base 4) to base 6.
13020
What is -284 (base 13) in base 5?
-3241
What is -566 (base 13) in base 11?
-775
What is 34542 (base 7) in base 16?
2292
Convert -330 (base 14) to base 16.
-276
Convert 30146 (base 9) to base 14.
730a
641a (base 14) to base 7
101233
2137 (base 9) to base 4
120211
-51124 (base 8) to base 9
-31817
Convert 358 (base 13) to base 5.
4310
Convert -522 (base 9) to base 2.
-110101001
498 (base 13) to base 6
3413
1249 (base 14) to base 4
302001
244b (base 14) to base 16
18c3
Convert c73 (base 16) to base 15.
e27
Convert -1452 (base 14) to base 4.
-320100
Convert -11958 (base 15) to base 16.
-db2c
Convert -110010 (base 3) to base 6.
-1303
Convert -10a3a (base 16) to base 8.
-205072
-1534 (base 11) to base 4
-132311
16624 (base 7) to base 10
4771
406 (base 11) to base 6
2134
Convert 6060 (base 7) to base 14.
aa0
Convert 1011 (base 3) to base 15.
21
30250 (base 9) to base 2
100110110110010
Convert -26254 (base 10) to base 6.
-321314
What is 19b0 (base 12) in base 7?
12126
What is 51154 (base 6) in base 9?
10247
12021 (base 4) to base 8
611
Convert -2436 (base 10) to base 3.
-10100020
-2423 (base 10) to base 16
-977
What is -5133 (base 7) in base 3?
-2110020
Convert 4156 (base 8) to base 9.
2857
Convert -356 (base 7) to base 13.
-116
Convert 100102 (base 3) to base 2.
11111110
38 (base 10) to base 16
26
Convert c36 (base 13) to base 8.
4031
Convert 2120 (base 11) to base 10.
2805
Convert -2112 (base 5) to base 2.
-100011010
Convert 15635 (base 7) to base 15.
14ab
What is -1100100 (base 2) in base 15?
-6a
3bcb (base 13) to base 12
4ba1
Convert -74420 (base 8) to base 12.
-15b28
-3522 (base 9) to base 7
-10421
What is 4a2 (base 15) in base 9?
1388
What is -1b7d (base 15) in base 10?
-5968
Convert 661 (base 7) to base 15.
177
87 (base 16) to base 2
10000111
What is -30374 (base 8) in base 3?
-122012110
1101011110 (base 2) to base 15
3c7
What is 100000101110 (base 2) in base 6?
13410
Convert -11221011 (base 4) to base 9.
-34626
Convert -1010012220 (base 3) to base 5.
-1201104
Convert -102131 (base 4) to base 14.
-605
Convert -404014 (base 5) to base 9.
-18754
-144651 (base 8) to base 2
-1100100110101001
1010011000010111 (base 2) to base 7
234651
-1111100011 (base 2) to base 16
-3e3
What is 4815 (base 12) in base 10?
8081
Convert -9fa (base 16) to base 6.
-15454
Convert 2b (base 14) to base 2.
100111
484 (base 10) to base 2
111100100
26b (base 15) to base 5
4201
What is -1412 (base 6) in base 15?
-198
What is -185b (base 15) in base 5?
-132021
85 (base 14) to base 2
1110101
What is 10221 (base 5) in base 2?
1010101110
Convert -51382 (base 9) to base 10.
-33851
What is -2435 (base 8) in base 12?
-911
1001110000 (base 2) to base 8
1160
Convert -10704 (base 8) to base 6.
-33020
Convert -33 (base 11) to base 13.
-2a
Convert -1111000 (base 2) to base 8.
-170
What is -10111001 (base 2) in base 9?
-225
Convert 552 (base 13) to base 3.
1020210
-15564 (base 11) to base 3
-1010010202
What is -2a0 (base 15) in base 4?
-21120
What is -11000111011100 (base 2) in base 12?
-7478
Convert -11cb6 (base 13) to base 6.
-412251
Convert -5935 (base 11) to base 4.
-1321212
Convert -10237 (base 10) to base 9.
-15034
What is -2a5 (base 14) in base 8?
-1031
What is 11101110110 (base 2) in base 7?
5366
Convert -2809 (base 10) to base 11.
-2124
What is -21021 (base 9) in base 4?
-3120232
What is 1150 (base 13) in base 8?
4577
-4a88 (base 11) to base 3
-100002120
11322 (base 4) to base 3
112000
21 (b